{"id":45,"date":"2022-02-12T00:45:28","date_gmt":"2022-02-12T00:45:28","guid":{"rendered":"https:\/\/asbti.com.br\/?page_id=45"},"modified":"2022-02-12T21:41:11","modified_gmt":"2022-02-12T21:41:11","slug":"principal","status":"publish","type":"page","link":"https:\/\/asbti.com.br\/","title":{"rendered":"Inicial"},"content":{"rendered":"\n<p class=\"has-text-align-center has-large-font-size\">Seja bem-vindo a ASB Tecnologia da Informa\u00e7\u00e3o.<\/p>\n\n\n\n<p class=\"has-text-align-center has-large-font-size\">Estamos felizes em t\u00ea-lo aqui conosco e esperamos que voc\u00ea encontre em nosso portf\u00f3lio o servi\u00e7o que estejas procurando.<\/p>\n\n\n\n<p class=\"has-text-align-center has-large-font-size\">Agradecemos a vossa visita e n\u00e3o se acanhe em nos contatar para que possamos sanar todas as suas d\u00favidas e lhe ajudar a ter o m\u00e1ximo de aproveitamento na sua TI.<\/p>\n","protected":false},"excerpt":{"rendered":"<p>Seja bem-vindo a ASB Tecnologia da Informa\u00e7\u00e3o. Estamos felizes em t\u00ea-lo aqui conosco e esperamos que voc\u00ea encontre em nosso portf\u00f3lio o servi\u00e7o que estejas procurando. Agradecemos a vossa visita e n\u00e3o se acanhe em nos contatar para que possamos sanar todas as suas d\u00favidas e lhe ajudar a ter o m\u00e1ximo de aproveitamento na [&hellip;]<\/p>\n","protected":false},"author":1,"featured_media":0,"parent":0,"menu_order":0,"comment_status":"closed","ping_status":"closed","template":"","meta":[],"_links":{"self":[{"href":"https:\/\/asbti.com.br\/index.php?rest_route=\/wp\/v2\/pages\/45"}],"collection":[{"href":"https:\/\/asbti.com.br\/index.php?rest_route=\/wp\/v2\/pages"}],"about":[{"href":"https:\/\/asbti.com.br\/index.php?rest_route=\/wp\/v2\/types\/page"}],"author":[{"embeddable":true,"href":"https:\/\/asbti.com.br\/index.php?rest_route=\/wp\/v2\/users\/1"}],"replies":[{"embeddable":true,"href":"https:\/\/asbti.com.br\/index.php?rest_route=%2Fwp%2Fv2%2Fcomments&post=45"}],"version-history":[{"count":4,"href":"https:\/\/asbti.com.br\/index.php?rest_route=\/wp\/v2\/pages\/45\/revisions"}],"predecessor-version":[{"id":53,"href":"https:\/\/asbti.com.br\/index.php?rest_route=\/wp\/v2\/pages\/45\/revisions\/53"}],"wp:attachment":[{"href":"https:\/\/asbti.com.br\/index.php?rest_route=%2Fwp%2Fv2%2Fmedia&parent=45"}],"curies":[{"name":"wp","href":"https:\/\/api.w.org\/{rel}","templated":true}]}}